{"id":15448,"date":"2020-09-28T16:55:32","date_gmt":"2020-09-28T14:55:32","guid":{"rendered":"https:\/\/www.hairstore.pl\/blog\/?page_id=15448"},"modified":"2020-09-29T08:04:08","modified_gmt":"2020-09-29T06:04:08","slug":"dla-testerek","status":"publish","type":"page","link":"https:\/\/www.hairstore.pl\/blog\/dla-testerek\/","title":{"rendered":"Dla testerek"},"content":{"rendered":"<p>Lubisz nowo\u015bci kosmetyczne? Wiele uwagi po\u015bwi\u0119casz piel\u0119gnacji w\u0142os\u00f3w? A do tego masz smyka\u0142k\u0119 do pisania? To w\u0142a\u015bnie Ciebie szukamy! Zosta\u0144 nasz\u0105 testerk\u0105 i razem z nami tw\u00f3rz portal HAIRBLOG.<br \/>\nSzukamy os\u00f3b, kt\u00f3re b\u0119d\u0105 pisa\u0107 dla nas recenzje produkt\u00f3w, kt\u00f3re umie\u015bcimy potem na naszym portalu w <a href=\"https:\/\/www.hairstore.pl\/blog\/category\/testy_produktow\/\">sekcji z recenzjami<\/a>.<\/p>\n<p><strong>Jak to wygl\u0105da:<\/strong><\/p>\n<ul>\n<li>Wysy\u0142amy do Ciebie paczuch\u0119 z produktami do przetestowania.<\/li>\n<li>Testujesz kosmetyki, piszesz dla nas recenzj\u0119, robisz zdj\u0119cia.<\/li>\n<li>Wszystkie potrzebne wskaz\u00f3wki i wytyczne dostaniesz od nas.<\/li>\n<li>Wysy\u0142asz do nas tekst, a my go publikujemy, oczywi\u015bcie podpisuj\u0105c Ci\u0119 z imienia i nazwiska jako autork\u0119 tekstu.<\/li>\n<\/ul>\n<p>Masz swoje kana\u0142y w social mediach? Poinformuj swoich obserwator\u00f3w o wsp\u00f3\u0142pracy z nami i pom\u00f3\u017c nam znale\u017a\u0107 nowe testerki. Stw\u00f3rzmy razem portal z rzetelnymi opiniami.<\/p>\n<p><strong>Co zyskujesz na wsp\u00f3\u0142pracy z nami:<\/strong><\/p>\n<ul>\n<li>mo\u017cliwo\u015b\u0107 testowania kosmetyk\u00f3w w zamian za rzeteln\u0105 recenzj\u0119<\/li>\n<li>mo\u017cliwo\u015b\u0107 opublikowania w\u0142asnego tekstu na portalu, kt\u00f3ry miesi\u0119cznie odwiedza nawet 200 tysi\u0119cy u\u017cytkownik\u00f3w<\/li>\n<li>szans\u0119 dotarcia do nowych os\u00f3b ze swoimi materia\u0142ami<\/li>\n<li>kto wie, mo\u017ce zdecydujemy si\u0119 na sta\u0142\u0105 wsp\u00f3\u0142prac\u0119 w\u0142a\u015bnie z Tob\u0105? &#x1f60a;<\/li>\n<\/ul>\n<p><strong>Jeste\u015b zainteresowana? Chcesz zosta\u0107 nasz\u0105 testerk\u0105? Napisz na adres <a href=\"mailto:blog@hairstore.pl\">blog@hairstore.pl<\/a><\/strong><\/p>\n","protected":false},"excerpt":{"rendered":"<p>Lubisz nowo\u015bci kosmetyczne? Wiele uwagi po\u015bwi\u0119casz piel\u0119gnacji w\u0142os\u00f3w? A do tego masz smyka\u0142k\u0119 do pisania? To w\u0142a\u015bnie Ciebie szukamy! Zosta\u0144 nasz\u0105 testerk\u0105 i razem z nami tw\u00f3rz portal HAIRBLOG. Szukamy os\u00f3b, kt\u00f3re b\u0119d\u0105 pisa\u0107 dla nas recenzje produkt\u00f3w, kt\u00f3re umie\u015bcimy potem na naszym portalu w sekcji z recenzjami. Jak to wygl\u0105da: Wysy\u0142amy do Ciebie paczuch\u0119 [&hellip;]<\/p>\n","protected":false},"author":9,"featured_media":0,"parent":0,"menu_order":0,"comment_status":"closed","ping_status":"closed","template":"page-contact.php","meta":{"footnotes":""},"yst_prominent_words":[2733],"class_list":["post-15448","page","type-page","status-publish","hentry"],"_links":{"self":[{"href":"https:\/\/www.hairstore.pl\/blog\/wp-json\/wp\/v2\/pages\/15448","targetHints":{"allow":["GET"]}}],"collection":[{"href":"https:\/\/www.hairstore.pl\/blog\/wp-json\/wp\/v2\/pages"}],"about":[{"href":"https:\/\/www.hairstore.pl\/blog\/wp-json\/wp\/v2\/types\/page"}],"author":[{"embeddable":true,"href":"https:\/\/www.hairstore.pl\/blog\/wp-json\/wp\/v2\/users\/9"}],"replies":[{"embeddable":true,"href":"https:\/\/www.hairstore.pl\/blog\/wp-json\/wp\/v2\/comments?post=15448"}],"version-history":[{"count":2,"href":"https:\/\/www.hairstore.pl\/blog\/wp-json\/wp\/v2\/pages\/15448\/revisions"}],"predecessor-version":[{"id":15455,"href":"https:\/\/www.hairstore.pl\/blog\/wp-json\/wp\/v2\/pages\/15448\/revisions\/15455"}],"wp:attachment":[{"href":"https:\/\/www.hairstore.pl\/blog\/wp-json\/wp\/v2\/media?parent=15448"}],"wp:term":[{"taxonomy":"yst_prominent_words","embeddable":true,"href":"https:\/\/www.hairstore.pl\/blog\/wp-json\/wp\/v2\/yst_prominent_words?post=15448"}],"curies":[{"name":"wp","href":"https:\/\/api.w.org\/{rel}","templated":true}]}}